 - 2506. Determine g(1).
12
Let j(m) = 49*m**2 - 726*m - 131. Give j(15).
4
Let m(o) = 3*o**3 + 51*o**2 - 178*o + 36. What is m(-20)?
-4
Let h(q) = 41*q**3 - 2*q**2 + 622*q + 623. Determine h(-1).
-42
Let x(s) = 2*s**2 - 55*s + 89. Calculate x(24).
-79
Let y(j) = -j**3 + 122*j**2 - 114*j - 858. Calculate y(121).
-11
Let t(m) = -55*m + 280. Give t(5).
5
Let x(m) = -2*m**3 + 29*m**2 - 35*m - 100. What is x(14)?
-394
Let a(r) = -r**2 + 198*r + 3352. What is a(-17)?
-303
Let r(j) = j**2 - 38*j + 226. Calculate r(7).
9
Let q(x) = -37*x - 397. Calculate q(-12).
47
Let f(c) = -c**3 + 46*c**2 + 5*c - 37. Determine f(46).
193
Let u(j) = -j**3 + 8*j**2 - 19*j + 46. Determine u(6).
4
Let j(r) = r**3 + 2*r**2 - 1088*r - 2. Calculate j(-34).
-2
Let q(k) = -502*k + 376. Calculate q(1).
-126
Let b(m) = m**2 + 39*m - 5. Give b(0).
-5
Let f(i) = 74*i**2 - 434*i - 73. What is f(6)?
-13
Let m(t) = -t**2 - 22*t - 27. What is m(-9)?
90
Let g(f) = f**3 - 13*f**2 - 63*f + 18. Determine g(-4).
-2
Let a(f) = -15*f**3 - 2*f**2 + 12*f - 11. Determine a(3).
-398
Let r(o) = -19*o**3 - 3*o**2 - o + 19. Calculate r(3).
-524
Let y(s) = 10*s**2 + 5*s - 43. Calculate y(4).
137
Let l(n) = -4574*n + 50319. Give l(11).
5
Let o(y) = y**2 + 27*y - 932. Determine o(20).
8
Let d(s) = 2*s**2 - 61*s + 91. Determine d(33).
256
Let b(l) = -l**2 + 499*l - 5386. Give b(11).
-18
Let g(z) = -11*z**2 - 140*z + 43. Give g(-13).
4
Let a(m) = 16*m**2 - 170*m + 332. Give a(2).
56
Let w(c) = -2*c**2 - 137*c - 36. Calculate w(-71).
-391
Let t(s) = -s**3 + 6*s**2 - 4*s - 1. What is t(8)?
-161
Let i(q) = -6*q**2 - 21*q + 23. Calculate i(-5).
-22
Let f(j) = -j**3 - 5*j**2 - 35*j - 167. Calculate f(-5).
8
Let d(z) = -6*z**2 + 184*z + 106. Give d(32).
-150
Let l(t) = 166*t**2 - 13*t + 12. Calculate l(1).
165
Let j(d) = 2*d**3 + d**2 + 18*d - 54. Give j(2).
2
Let r(j) = -2*j**2 + 254*j - 2762. What is r(12)?
-2
Let n(a) = -3*a**3 + 6*a + 1. Give n(-3).
64
Let g(p) = -59*p + 1050. Calculate g(18).
-12
Let z(a) = -248*a - 506. Give z(-2).
-10
Let t(d) = -d**3 + 115*d**2 + 234*d - 57. What is t(117)?
-57
Let g(k) = -679*k + 2675. Calculate g(4).
-41
Let s(z) = -28*z - 589. What is s(-20)?
-29
Let c(t) = t + 21. Calculate c(42).
63
Let l(q) = 748*q + 2243. Give l(-3).
-1
Let w(o) = 2741*o + 10967. What is w(-4)?
3
Let m(d) = -8*d**2 + 99*d - 37. Determine m(12).
-1
Let b(z) = 5*z**2 + 209*z + 549. What is b(-39)?
3
Let j(s) = 4*s**2 + 82*s - 400. What is j(4)?
-8
Let l(p) = -p**3 - 29*p**2 - 18*p - 526. Determine l(-29).
-4
Let u(o) = -9*o + 356. What is u(39)?
5
Let d(a) = 11*a + 369. Calculate d(-28).
61
Let k(b) = -2*b**2 - 5507*b - 21993. Calculate k(-4).
3
Let m(i) = 2*i**3 + 61*i**2 + 34*i + 76. Calculate m(-30).
-44
Let s(c) = -2*c**2 - 103*c - 800. What is s(-42)?
-2
Let u(y) = 2*y**2 - 65*y - 3. Calculate u(36).
249
Let g(a) = 10*a**2 + 44*a + 35. What is g(-6)?
131
Let q(m) = m**3 + 15*m**2 - 29*m + 2. What is q(-16)?
210
Let v(x) = 2*x**3 + 8*x**2 + 123*x + 729. Determine v(-6).
-153
Let f(v) = -5*v**3 - 76*v**2 - 82*v + 24. Determine f(-14).
-4
Let k(o) = -11*o - 188. Determine k(-22).
54
Let w(d) = -d**3 + 7*d**2 - 14*d + 15. What is w(9)?
-273
Let b(k) = 24*k**2 - 417*k + 33. Calculate b(17).
-120
Let i(p) = -9*p + 146. What is i(19)?
-25
Let f(t) = -3*t**3 - 7*t**2 + 16*t + 48. Determine f(-2).
12
Let y(p) = 139*p - 4706. Determine y(34).
20
Let t(s) = -97*s + 1388. What is t(14)?
30
Let f(n) = -14*n**2 + 270*n - 36. What is f(19)?
40
Let d(k) = -k**3 + 80*k**2 - 7*k + 539. Calculate d(80).
-21
Let m(p) = 49*p**2 + 520*p + 846. What is m(-2)?
2
Let x(i) = 39*i + 192. Calculate x(-5).
-3
Let o(f) = f**3 + 62*f**2 + 120*f + 8. Give o(-60).
8
Let a(h) = 2*h**3 - 29*h**2 - 17*h + 1. Give a(15).
-29
Let u(v) = -45*v + 28. Determine u(1).
-17
Let l(p) = 208*p + 3583. Determine l(-18).
-161
Let t(g) = -470*g + 13632. Give t(29).
2
Let w(q) = -14632*q + 29267. Give w(2).
3
Let g(d) = 3*d**3 + d**2 - 8*d - 8. What is g(-2)?
-12
Let o(z) = 6*z + 219. Determine o(-45).
-51
Let z(p) = 30*p**2 + 85*p - 2. Determine z(-3).
13
Let b(z) = 7*z**2 + 66*z + 189. Determine b(-3).
54
Let u(c) = -3500*c + 3482. Give u(1).
-18
Let v(t) = 17*t + 762. Determine v(-41).
65
Let v(h) = 64*h - 620. Calculate v(10).
20
Let r(c) = -537*c**2 + 2*c + 16. What is r(-1)?
-523
Let r(x) = 2*x**2 + 73*x - 759. Calculate r(-44).
-99
Let n(s) = -s**2 + 124*s + 771. Calculate n(-6).
-9
Let p(z) = 71*z - 201. Give p(4).
83
Let a(x) = -4*x**2 + 28*x + 107. Calculate a(9).
35
Let n(c) = -c**3 + 6*c**2 + 31*c - 182. Calculate n(5).
-2
Let d(t) = 12*t**2 + 222*t + 30. Calculate d(-18).
-78
Let m(d) = -6*d**3 + 355*d**2 - 58*d - 59. Determine m(59).
0
Let c(m) = -m**3 + 3*m**2 + 145*m - 314. Give c(13).
-119
Let s(p) = -123*p**2 + 149*p + 1. Determine s(1).
27
Let j(r) = -850*r + 39097. What is j(46)?
-3
Let q(x) = 33*x + 659. What is q(-14)?
197
Let i(a) = 21*a + 71. Determine i(-2).
29
Let v(m) = -m**3 - 28*m**2 - 7*m - 347. What is v(-28)?
-151
Let f(x) = -3*x**3 + 5*x**2 + 103*x + 23. Calculate f(-7).
576
Let a(l) = 182*l + 1077. Determine a(-6).
-15
Let j(z) = -3*z**3 + 34*z**2 - 91*z - 13. Calculate j(5).
7
Let a(f) = -128*f**3 + 4*f**2 - 6*f - 9. Calculate a(-1).
129
Let z(q) = -q**2 + 452*q - 14644. Give z(35).
-49
Let b(p) = -p**3 - 24*p**2 + 35*p + 17. What is b(-25)?
-233
Let c(p) = -p**3 + 63*p**2 + 41*p + 1496. What is c(64)?
24
Let x(t) = -t**2 - 168*t + 3735. Determine x(20).
-25
Let q(s) = s**3 - 34*s**2 + 62*s - 40. Determine q(32).
-104
Let f(o) = -o**3 - 17*o**2 + 40*o + 36. Calculate f(-19).
-2
Let u(n) = -n**3 - 8*n**2 + 81*n + 700. Calculate u(-8).
52
Let q(k) = 2*k**2 - 11*k + 62. What is q(18)?
512
Let n(g) = -3*g**3 + 54*g**2 + 6*g - 70. Calculate n(18).
38
Let m(f) = f**2 + 465*f + 10589. Determine m(-24).
5
Let u(q) = 50*q + 6797. Give u(-136).
-3
Let y(f) = 80*f**3 + 1921*f**2 + 28*f + 94. Determine y(-24).
-2
Let b(d) = -d**3 - 11*d**2 + 680*d + 9601. Calculate b(-16).
1
Let p(g) = g**2 - 643*g + 5080. Calculate p(8).
0
Let m(r) = r**3 + 45*r**2 + 98*r + 517. Give m(-43).
1
Let k(p) = -p**3 - 17*p**2 - 45*p + 43. Calculate k(-13).
-48
Let b(n) = -12*n**2 + 479*n - 4. What is b(40)?
-44
Let f(t) = t**3 + 7*t**2 - 41*t + 3. What is f(-11)?
-30
Let t(q) = -q**3 + 10*q**2 + 24*q + 48. Calculate t(13).
-147
Let t(a) = 6*a**3 + 48*a**2 - 86*a + 344. Give t(-10).
4
Let g(c) = -6*c**2 + 416*c - 931. What is g(67)?
7
Let t(u) = -u**3 + 9*u**2 + 385*u - 3554. Determine t(9).
-89
Let t(k) = -4*k**3 - 29*k**2 + 65*k + 393. Calculate t(-6).
-177
Let r(p) = -p**3 + 34*p**2 - p + 1257. Calculate r(35).
-3
Let t(z) = -28*z + 611. Determine t(21).
23
Let k(y) = -y**2 - 49*y - 156. Give k(-43).
102
Let p(l) = -l**3 + 14*l**2 - 12*l + 5. Calculate p(10).
285
Let j(y) = -2*y**3 - 6*y**2 + 57*y - 7. Give j(6).
-313
Let k(w) = -2239*w - 141052. Calculate k(-63).
5
Let s(z) = -26*z - 448. Give s(-18).
20
Let j(v) = 11626*v + 93004. Determine j(-8).
-4
Let s(p) = -p**2 - 1. Calculate s(2).
-5
Let q(y) = 14*y**2 + 616*y + 6. Calculate q(-44).
6
Let n(s) = s**3 - 18*s**2 + 52*s + 8. Determine n(7).
-167
Let k(w) = -w**3 - 44*w**2 - 190*w + 152. Calculate k(-39).
-43
Let c(m) = -298*m**3 + 18*m**2 + 13*m - 3. Determine c(-1).
300
Let f(x) = 2*x**2 + 605*x + 5289. Calculate f(-9).
6
Let d(v) = 4*v**3 - 4*v**2 - v + 7. Determine d(-2).
-39
Let m(f) = 2*f**2 + 72*f + 204. Give m(-3).
6
Let f(t) = 40*t - 215. Determine f(6).
25
Let i(o) = 7*o + 52. Give i(-5).
17
Let b(c) = -95*c + 19. Calculate b(5).
-456
Let n(j) = -j**3 + 97*j**2 - 1297*j + 83. Determine n(81).
2
Let u(m) = 2*m**3 + 181*m**2 + 88*m - 51. What is u(-90)?
129
Let a(p) = p**3 + 106*p**2 + 314*p + 513. Determine a(-103).
-2
Let s(i) = -2*i**2 - 115*i - 1403. Calculate s(-39).
40
Let v(s) = 4*s**3 - 8*s**2 + 6*s - 6. Determine v(4).
146
Let k(l) = -132*l - 2510. Calculate k(-12).
-926
Let o(d) = 4*d**3 + 28*d**2 + 13*d + 100. Give o(-7).
9
Let p(j) = 2*j**2 - 125*j + 1482. Determine p(47).
25
Let z(x) = 34*x + 58. Determine z(-2).
-10
Let j(f) = 4*f**3 + 74*f**2 - 22*f + 293. Give j(-19).
-11
Let q(k) = -k**3 + 52*k**2 - 152*k + 245. Give q(49).
0
Let q(t) = -t**3 + 5*t**2 + 13*t - 22. Determine q(5).
43
Let i(g) = -3*g**2 + 229*g + 392. What is i(78)?
2
Let u(v) = -2*v**